 prime factors of s?
3, 19
Let i = -352 + -115. List the prime factors of (i/(-3))/(46/138).
467
Let q(f) = -2*f - 1. Let b be q(-5). Let j(z) = z**3 - 9*z**2 + 18. Let n be j(b). Suppose -78*r = -81*r + n. List the prime factors of r.
2, 3
Suppose 0*x - 2*x - 4*f = 10, -10 = -2*x + f. Suppose 0 = -5*g - 5*r + 11760, -7*g + 9407 = -x*g + 5*r. Suppose 5*t + 8*t = g. List the prime factors of t.
181
Let c be 2/(-17) + (-288)/(-136). Suppose -c*x = 97 - 1233. List the prime factors of 21/(-84)*x/(-2).
71
Suppose 6*m + 54 = 2*r + m, -3*m = -2*r + 50. Let i(s) = s**2 - 21*s - 19. Let p be i(r). Suppose -2*v = 6, 8*l - 4*v = p*l + 707. List the prime factors of l.
139
Suppose -10080 = 184*j - 53872. Let o(y) = 112*y**2 + y - 1. Let r be o(1). Suppose 5*u - j = r. What are the prime factors of u?
2, 5, 7
What are the prime factors of 33475*(48/240 - (-1)/5)?
2, 5, 13, 103
Let f(t) = -22 + 16 + 124*t**2 + 15 - 9*t. What are the prime factors of f(1)?
2, 31
Suppose -n + 68900 = 3*m, 0 = 289*n - 284*n + 5*m - 344470. List the prime factors of n.
68891
Suppose -x + 1714 = -4*w - 882, 4*x + 4*w - 10364 = 0. What are the prime factors of x?
2, 3
Let r(v) = v + 4. Let p = 30 + -23. Let k be r(p). Suppose 0 = 2*x + k - 127. What are the prime factors of x?
2, 29
Let b(h) = 193*h - 301. Let r be b(13). Suppose 144 = -2*c + r. What are the prime factors of c?
2, 3, 43
Let t = 3756 + 1425. What are the prime factors of t?
3, 11, 157
Let z = -111 - -120. Suppose u - z = -0*u + d, -15 = -5*u - d. Suppose u*n + o = 465, 4*n + 2*o - 252 = 210. List the prime factors of n.
3, 13
Let h = 72 + -84. Let c be (-8)/h + (-1280)/(-6). Suppose 0 = 2*v - 3*v + c. List the prime factors of v.
2, 107
Let g = -108 - -109. List the prime factors of 394/g - (-2 - -3 - -1).
2, 7
Suppose -4*o = 51 + 49. Let u be 85/(5/o*-5). Suppose u = -3*z + 238. What are the prime factors of z?
3, 17
Suppose 16*h = -h + 318614. What are the prime factors of h?
2, 9371
Let d = -2766 - -20993. What are the prime factors of d?
11, 1657
Let c(b) = -23*b + 60. Let q(o) = o**3 - 7*o**2 + 9*o - 5. Suppose -6*d - 3 = j - 2*d, -30 = -4*j + 5*d. Let r be q(j). List the prime factors of c(r).
2, 5, 29
Suppose 15*z - 76097 - 2341021 = -51*z. List the prime factors of z.
53, 691
Let i = 39227 + -24039. What are the prime factors of i?
2, 3797
Let r = 5070 - 3611. What are the prime factors of r?
1459
Suppose -3*f + 4*d + 3641 = 1050, -4*f + 3408 = 4*d. Let h = -101 + f. List the prime factors of h.
2, 3, 7
Let p(o) = 9*o - 54. Let f be p(6). Suppose -14*i + 953 + 951 = f. List the prime factors of i.
2, 17
Suppose 6 = -s + h + h, 3*s - 4*h = -14. Let l be (0/(-3) + -1)*1210/s. Suppose 4*g = -5*u + l, g + 98 = 5*u - 482. List the prime factors of u.
3, 13
Let x = -175 + 157. List the prime factors of 4/x + 4800/216.
2, 11
Suppose -y = -x, -3 = -y - 0. What are the prime factors of -1 - (x - 2) - -287?
3, 5, 19
Let b be -11 - -11 - (-15 + -1). Suppose 0*o + b = 4*o. Suppose o*y + 112 = 708. List the prime factors of y.
149
Suppose -1 + 0 = u, -4*v - 4*u - 1228 = 0. Let i = -461 - v. Let n = 355 + i. List the prime factors of n.
2, 5
Let a = 6 - 3. Let z(q) = 19*q**2 + 3*q - 8. Let u(m) = -94*m**2 - 16*m + 41. Let r(h) = 2*u(h) + 11*z(h). List the prime factors of r(a).
2, 3, 31
Suppose -2*w + 5*w - 2*q = 0, 0 = 4*w + 3*q. Suppose -5*h + 4*g + 3875 = w, 0*h + 2*g = 5*h - 3875. List the prime factors of h.
5, 31
Let y = 107 - 99. Suppose -3*f = -4*x + 275, 367 = -y*f + 4*f + 5*x. Let j = f - -156. What are the prime factors of j?
3, 7
Let i(m) be the first derivative of 7*m**3/3 + 17*m**2/2 + 32*m - 84. What are the prime factors of i(8)?
2, 7, 11
Suppose -24*m + 61*m = -92*m + 1170417. List the prime factors of m.
43, 211
Suppose -2*x - 3*c = 2*x - 22, 5*c = 10. Suppose -v = -7*v - 7074. What are the prime factors of x/14 + v/(-63)?
19
Let p = 10100 + -5423. List the prime factors of p.
3, 1559
Let j be 1*(-2 + 3) - (-296 + -3). Suppose -j = -12*f + 216. Let k = f + 31. What are the prime factors of k?
2, 37
Let y be (32/(-80))/((-1)/90). Let u = 118 - y. What are the prime factors of u?
2, 41
Let c be 21/(-49) + 12632/(-56). Let j = 1327 + c. List the prime factors of j.
3, 367
Suppose -4*p = 3*u - 28727, -70*p = -65*p - 5*u - 35865. List the prime factors of p.
2, 37, 97
Suppose -10*b + 352 - 332 = 0. Suppose 3104 = 3*g + 5*j + 474, g + b*j = 878. What are the prime factors of g?
2, 3, 5, 29
Let d = -1536 + 725. Let x = -54 - d. List the prime factors of x.
757
List the prime factors of ((-110)/3 + 24)/(((-4)/(-681))/(-2)).
19, 227
Let z = 53159 + -31434. What are the prime factors of z?
5, 11, 79
Let t(a) = 2*a**3 + 2*a**2 + 2. Let j be t(-2). Let r(g) = -g**2 - 9*g - 80. Let m be r(-8). List the prime factors of (-1)/j - 16980/m.
2, 59
Let y be 576/(-22) - ((-32)/88)/2. What are the prime factors of y/(-143) + (-3672)/(-11)?
2, 167
Suppose 23*g + 281507 + 159578 = 118*g. What are the prime factors of g?
4643
Let c(g) = -2*g**3 + 6*g**2 + 18*g - 11. Let y be c(-4). List the prime factors of (-60)/(-6*y/276 - -3).
2, 5, 23
Let m = -114 + 166. Suppose 4 = 2*b, -m = -8*s + 3*s + 4*b. Let d(k) = -k + 29. List the prime factors of d(s).
17
Suppose 4*m = -35 + 167. Suppose -14853 = -m*n - 1422. List the prime factors of n.
11, 37
Let y be (-1)/3 + (-400)/(-12). Suppose 47*m - y*m = 5754. List the prime factors of m.
3, 137
What are the prime factors of 22/1*((-243716)/(-1624) - 8/14)?
11, 13, 23
Let o(t) = t**2 + 2*t - 5. Let r = -15 + 17. Let w be o(r). Suppose -w*l + 991 = l - 3*c, 0 = 4*l - 4*c - 992. List the prime factors of l.
13, 19
Suppose 29 = 9*r - 97. Suppose 0 = 3*w + 2*d - 190, 265 = 4*w - 9*d + r*d. What are the prime factors of w?
2, 3, 5
List the prime factors of 70*((-6)/4 + (5 - -440)/5).
5, 7
Suppose b + 49 + 26 = 0. Let z be 1*2*b/(-30). Suppose -2*c - 90 = -z*v - 0*c, 0 = -2*v - 3*c + 36. List the prime factors of v.
2, 3
Let z(x) = -x**2 - 10*x - 1. Let s be z(0). What are the prime factors of 15/((-60)/424)*2/s?
2, 53
Suppose 382 = 14*a - 612. Suppose -57*v = -a*v + 2562. What are the prime factors of v?
3, 61
Let n = 11316 - -7529. List the prime factors of n.
5, 3769
Let y = 9 + -5. Suppose y*h - 322 = 190. Suppose 4*s - h = -0*s. What are the prime factors of s?
2
Let s = -19 - -21. Suppose -r + 6*r - 25 = 0, -67 = -3*m - s*r. What are the prime factors of (0 - 1 - -6)*m?
5, 19
Let i(u) = -16*u**2 - 7*u - 15. Let p be i(-3). Let f be (14/(-6) - -2)/(23/p). What are the prime factors of (-28)/10*65/f*-2?
2, 7, 13
Let u(t) = 3904*t**2 - 10*t - 3. List the prime factors of u(1).
3, 1297
Suppose 0 = -59*x + 481 - 186. List the prime factors of (1*x)/(-34 + 33) - -518.
3, 19
Let v(j) = -471*j - 226. List the prime factors of v(-7).
37, 83
Let h(d) = -d**2 - 4*d + 12. Let u be h(-6). Suppose u = l + 2*m + m - 757, -3*l + 3*m = -2235. List the prime factors of l.
2, 11, 17
Let y be 869*(3 - 5)/1. Let s = 2599 + y. What are the prime factors of s?
3, 7, 41
Let f(j) = 13*j**3 + j**2 - 2*j + 9. Let c be f(-4). Let z = -351 - c. Suppose 8*h - 4*h - z = 0. List the prime factors of h.
2, 7
Let p(a) = -13 + a**2 - 3*a**2 - 59*a + a**2 + 1. List the prime factors of p(-26).
2, 3, 47
Let x be (-682)/2 - 4/2. Let c = -228 - x. Let f = 7 + c. List the prime factors of f.
2, 61
Let g(l) = -38*l - 5. Let n be g(-23). Let d = n - -632. What are the prime factors of d?
19, 79
Let d = -464 - -472. Let p = 36 - 24. Let l = p - d. List the prime factors of l.
2
Let a = -1248 + 2022. Suppose -15*x - a = -18*x. Let s = -168 + x. List the prime factors of s.
2, 3, 5
Let i(x) = 2*x**3 - 5*x**2 + 6*x - 2. Let a be i(4). Let d = -40 + a. Suppose -2*t + 152 = 2*y, -t + 248 = 3*y + d. List the prime factors of y.
71
Suppose -8*h = 16*h - 48. Suppose -2*t - w + 476 = -h*w, 4*w = 0. List the prime factors of t.
2, 7, 17
Suppose 418*h - 417*h = 781. Let z = 1278 - h. List the prime factors of z.
7, 71
Let w = 12516 + -5407. List the prime factors of w.
7109
Let l(g) = 4*g**2 - 11*g - 44. Let q = 114 - 125. List the prime factors of l(q).
3, 11, 17
Let t(c) = 1896*c - 746. What are the prime factors of t(6)?
2, 5, 1063
Let g = -759 - -1070. Suppose 2*b = g + 547. What are the prime factors of b?
3, 11, 13
Let a(z) = -8